+ 1. Let h be b(2). Suppose h*f - 20 = 15. What are the prime factors of f?
7
Let b(l) = -2*l**2 + 3*l + 2. Let a be b(-2). List the prime factors of (-309)/(-18) - (-2)/a.
17
Let v = 272 + -158. List the prime factors of v.
2, 3, 19
Let y(r) = 4*r + 3. Let x(n) = 9*n + 6. Let h(q) = -2*x(q) + 5*y(q). What are the prime factors of h(4)?
11
Suppose -f + 306 - 939 = -3*a, 4*a - 825 = -5*f. List the prime factors of (-2)/(-9) + a/27.
2
Let m be (4/6)/(18/81). Suppose -20 = -2*c + 4*y, -4*y + 8*y = 3*c - 22. Suppose t - 6 = -m*d, -2*d + 7*d = c*t - 34. What are the prime factors of t?
2, 3
Let c(y) = -135*y - 1. What are the prime factors of c(-2)?
269
Suppose 3*z - 6 = 3*m, m - 4*z + 2 = -0. Let l = -17 - m. Let i = l - -21. List the prime factors of i.
2, 3
Let l = -36 - -53. What are the prime factors of l?
17
Suppose 3*z = 7*z - 8. Suppose -f = -2*t + 3*f - 16, 0 = 2*t + 2*f - 14. Suppose 0*a - 4*a = -z*y + 16, 4*y + t*a - 52 = 0. List the prime factors of y.
2, 3
Let w(z) = -11*z**3 + 2*z**2 + z - 4. Let a be w(-2). Let s = -63 + a. What are the prime factors of s?
3
Suppose -4*m + 9 = d, 2*m = m + 5*d - 3. Suppose f - i = -3, -2*f + 5*i - 15 = -0*f. What are the prime factors of 3 + (m - f) + 5?
2, 5
List the prime factors of (-4)/10 + (-323)/(-95).
3
Suppose 4*v = -4, 3*m - 2*m + 2*v = 3. Suppose 0 = -5*g + m*c + 115, -g - 95 = -5*g + c. List the prime factors of g.
2, 3
Suppose 2*h + 4*b = -20, -2*h - 4*b - 20 = -h. Let c be (1 - -3) + 4/(-2). Suppose h = -0*m + c*m + z - 3, 0 = m - 2*z - 14. What are the prime factors of m?
2
Let i(k) = -6 + k + 0 - k**2 - 4. Let d be i(8). What are the prime factors of (-2)/(-5) - d/10?
7
Let c = -14 - -14. List the prime factors of 47 - c - 0/(-6).
47
Let a be (2 + 0)/((-2)/(-3)). Suppose 0 = a*y - 11 - 55. Suppose y = u + u. What are the prime factors of u?
11
Let b be -5 + (0 - (0 + 0)). Let z = b - -12. List the prime factors of z.
7
Suppose -g + 11 = 3*u, u - 3*u + 14 = 4*g. Suppose u*s + 20 = 7*s. List the prime factors of s.
5
Suppose 5*r = 1 - 11. List the prime factors of r*(0 - (-69)/(-6)).
23
Suppose k = -2*l + 41, 0 = -2*k - 5*l + 32 + 55. Suppose 4*p + k = 75. List the prime factors of p.
11
Let f be (9/6)/((-1)/(-18)). What are the prime factors of 846/f - 4/(-6)?
2
Let d(k) = 12*k + 7. List the prime factors of d(3).
43
Let s(m) = m**3 + 7*m**2 - 4*m. Let c be s(-6). Suppose -c = -0*a - 5*a. List the prime factors of a.
2, 3
Suppose 0 = 3*d - 5*o - 86, d + o + 3*o = 6. Let h = -15 + d. What are the prime factors of h?
7
Suppose k + 2*r + r = 21, 3*r = 6. Suppose -5*d = -3*u, 2*u + k = 5*u. Suppose 4*f - 55 = -d. List the prime factors of f.
13
Let r(f) be the third derivative of -f**6/60 - f**5/20 - f**2. Suppose 0 = -a + 4*d - 2, -3*d = -5*a - 8 - 2. What are the prime factors of r(a)?
2
Let y = 457 - 214. What are the prime factors of y?
3
Let w be (-37)/(-5) + (-4)/10. Let k = 12 - w. What are the prime factors of 32/k - (-4)/(-10)?
2, 3
Let u(v) = v**2 - 5*v + 1. What are the prime factors of u(14)?
127
Let k = 52 - 13. List the prime factors of k.
3, 13
Let f(x) = -5*x**3 - 4*x**2 - x + 2. Let g be f(-2). Suppose -3*l = -g + 7. List the prime factors of l.
7
Let t(d) = -d. Let s be t(0). Let h be s/1 + 0/(-1). Suppose -4*i - 3*c + 44 = 0, h = -0*c + 5*c. What are the prime factors of i?
11
Let b(h) = h**2 - 9*h + 12. Let k be -2*10*(-2)/5. List the prime factors of b(k).
2
Let d(u) = -4*u - 13. List the prime factors of d(-11).
31
List the prime factors of ((-658)/(-28))/(1/8).
2, 47
Let x(b) = -b - 4. Let k = -9 + 5. Let u be x(k). Suppose -3*l + 2 = -0*o + o, -2*l - 3*o - 8 = u. What are the prime factors of l?
2
Suppose -10 = -5*h - 30. Let i be -28*(h/(-14) - 2). Suppose -3*g + i = -x, 0 = -g + 4*g + 3*x - 36. What are the prime factors of g?
3, 5
Suppose 0 = -2*q + 5*x + 33, -4*x + 5*x - 11 = -4*q. List the prime factors of 1*(-2)/q*-18.
3
Let k = 494 + -297. List the prime factors of k.
197
Let r = -169 - -286. What are the prime factors of r?
3, 13
Let q(h) = -h**3 - 6*h**2 - 6*h + 5. Let t(w) = -w**3 + 7*w**2 - 6*w - 5. Let o be t(6). List the prime factors of q(o).
2, 5
Let f(n) = 124*n**3 + 3*n**2 - 2. List the prime factors of f(1).
5
Let v(u) = 18*u**3 - u**2 + u. Let r be v(1). Let h = 7 - r. Let b = h - -22. List the prime factors of b.
11
What are the prime factors of 318/14 - (-6)/21?
23
Suppose 128 - 53 = 5*r. Let d = -1 + r. List the prime factors of d.
2, 7
Suppose 4*d + 21 = -5*h, 16 + 7 = -2*d - 5*h. Let m be 1/(d/(-6)*-3). What are the prime factors of m*(-2)/(-4)*6?
2, 3
Let t = -11 + 9. What are the prime factors of (t/4)/(1/(-24))?
2, 3
Suppose 2*l = -5*g + 117, 5*l - g - 3*g = 342. Suppose 4*o - l = o. List the prime factors of o.
2, 11
Let j(b) = 17*b**2 + b - 2. List the prime factors of j(1).
2
Let j be -15*1/((-9)/6). Let o(g) = 2*g - 9. What are the prime factors of o(j)?
11
Let a(d) = 3*d**2 + 3*d - 1. Let h be a(2). Suppose -h = 2*j + 2*y - 79, 4*j - 149 = y. Let v = -20 + j. What are the prime factors of v?
2
Suppose -2*o + 50 = 14. What are the prime factors of o?
2, 3
Let v = -5 + 8. Suppose v*r = -2*x + 3, -r + x - 3 = -3*r. Suppose -s + n + 3 = -n, 0 = 5*s + r*n - 54. What are the prime factors of s?
3
Let f(v) = -v**3 + 9*v**2 - 5*v + 10. List the prime factors of f(5).
5, 17
Let a = -3 - -6. Suppose -5*y - 6 = 4*l + 6, 5*l = -a*y - 2. List the prime factors of l + 0 + (-4)/(-2).
2
Let b(s) = 2*s + 0*s**3 + 2*s**3 + 2*s + 4*s**2 + 1. Let f be b(-3). Let n = -15 - f. List the prime factors of n.
2, 7
Let f(v) = 3*v**2 + 7*v + 6. Let w be 2*1/(1/(-2)). What are the prime factors of f(w)?
2, 13
Suppose 4*a - 174 = -50. What are the prime factors of a?
31
List the prime factors of 2/7 - (2 + 2344/(-28)).
2, 41
Suppose 0*z = 2*z + 4*f - 188, -f - 448 = -5*z. Suppose 4*o = 2 + z. List the prime factors of o.
23
Suppose -2*a - 170 = -5*j, 4 = j + a - 23. List the prime factors of j.
2
Let h = 2 + 0. Let c = 0 - h. What are the prime factors of (-1)/(3/48*c)?
2
Let r = -126 + 218. What are the prime factors of r?
2, 23
Let z(i) = -40*i + 4. Let l be z(-3). Suppose 3*y - 47 = -4*w + 66, -5*w + l = -2*y. List the prime factors of w.
2, 13
Let v = -1 + 6. Suppose -3 = r - 3*z + 14, z - v = 0. What are the prime factors of (-9)/r*(3 - 1)?
3
What are the prime factors of (-822)/(-9) + 1/(-3)?
7, 13
What are the prime factors of (-4)/14 + (-4277)/(-49)?
3, 29
Suppose 62 = 8*a - 7*a. What are the prime factors of a?
2, 31
Suppose 4*v - 35 = -5*z, 7 + 0 = 4*z - v. Let i(s) be the first derivative of s**4/4 - s**3/3 - 3*s**2/2 - 4*s + 9. List the prime factors of i(z).
5
Let v(o) be the first derivative of o**2/2 - 12*o - 3. Let g be v(9). List the prime factors of (((-18)/g)/(-2))/(-1).
3
Let d(k) = k + 11. Let r be d(-7). Suppose -r*y = -20 - 64. What are the prime factors of y?
3, 7
Let p = -1 + 3. Let j be 1 + ((-2)/(-2) - p). Suppose 9 = -h + 5*d - j, -d - 40 = -4*h. List the prime factors of h.
11
Let h = 102 - 146. Let c = -9 - h. List the prime factors of c.
5, 7
Suppose 0 = t + 5*t - 60. Suppose -7*v = -t*v + 6. List the prime factors of v.
2
Suppose 2*x = -2*j + 318, 3*j + 2*j = 2*x - 353. Suppose 0*b - 2*b = 0, 4*o = -2*b + x. List the prime factors of o.
41
Suppose -245 = -4*j + 5*o, 3*j - 142 = 4*o + 43. List the prime factors of j.
5, 11
List the prime factors of (-2)/(-12)*-46*-15.
5, 23
Let v(p) = 10*p**2 - 1. Let g be v(1). What are the prime factors of 111/g - 1/3?
2, 3
Let u = -16 - -22. Suppose u = 4*o - 2*o. What are the prime factors of o?
3
Let n = 73 + -45. Suppose 2*o = -3*p - 11, 2*p = -4*o + 6*p + n. What are the prime factors of o?
2
Let i(d) be the first derivative of d**3 + 3*d**2/2 - 2*d + 3. List the prime factors of i(2).
2
Suppose i + 67 - 260 = 0. What are the prime factors of i?
193
Suppose -3*x - x + 253 = a, 5*a + 271 = 4*x. List the prime factors of x.
2
Let t(n) = 35*n + 1. What are the prime factors of t(1)?
2, 3
Let p(w) = -6*w**3 + 2*w**2 + 2*w + 1. Let y be p(-1). Let t be 2/7 + 5/y. Let b = t + 4. What are the prime factors of b?
5
Let n = -6 - -8. Suppose 0 = 5*c + 5*m + 1 - 76, 5*c = -n*m + 75. What are the prime factors of c?
3, 5
Suppose -f = -0*f - 3*m - 17, 3*f - 5*m = 31. List the prime factors of f.
2
Supp